+ -93 + 0 + -7 - -34 - 12?
32
-2 + (-58 + 189 - (8 + -3 - 3)) - -7
134
(-2643 - -2600) + (1 - 3) + 12
-33
Calculate 0 - (0 - -12) - (675 + -328 + -378).
19
Calculate 3 + -1 - 2 - ((-7 - 9) + 17 - -23).
-24
What is the value of (41 - 15) + 406 + -491?
-59
Evaluate (14 - 18) + (137 - 199).
-66
What is the value of 8 + (-53 + 73 - 62)?
-34
138 + -242 - ((66 - 49) + -4 + -1)
-116
-19 + 1 - (3 + -18 + 45 + -19 - 13)
-16
Calculate -17 + (-1 - (16 - 0) - (-276 + 302)).
-60
Evaluate -767 - -766 - (-6 + 1 - (11 - -45)).
60
What is the value of -59 + (-34 + 25 - 0 - (-3 + -17) - 20)?
-68
-12 - ((0 - -2) + -63 + (-194 - -204))
39
What is (-55 - (-59 + -17)) + -12 + 3 + -111?
-99
What is the value of (-5 + 8 + (-4 - (-11 - -12)) - 5) + 5?
-2
Calculate 5 + (14 - (13 + -10) - (2 - -44)) + 3.
-27
What is -63 - (-44 - (-168 - -84))?
-103
What is the value of 45 + -60 + 8 - (0 + 5)?
-12
-6 + 3 + -14 + 6 + (43 + -19 - -33)
46
Calculate 591 + -546 - (0 - -6).
39
Evaluate 1 + 46 + -63 + (-9 - 38).
-63
-123 + 67 - -15 - (-1 - -3 - -2)
-45
(-13 - (-17 + 11)) + (0 - 0) + -2 + 62
53
Evaluate 201 + (-64 + -95 - -63).
105
Evaluate 47 - (-104 + 74 + 1 + 67).
9
Calculate 51 + ((35 - 17) + -23 - (3 + 1)).
42
(-20 - -18) + 20 - (-6 + 7)
17
(-3 + 7 - -43) + (-12 + -6 - (35 - 58))
52
Evaluate 52 + (48 - 112) - -49.
37
23 + -23 - -9 - -16
25
What is 0 + 8 + -2 + (19 - (-28 - -34))?
19
Calculate 46 + (-5 - (-14 - -2)) - (-5 - -20 - 5).
43
Calculate (-42 - -61) + -68 - (2 + -10).
-41
-2000 + 2059 + (-1 - -24)
82
What is the value of -4 + 2 + 4 + (-3 - 1) - (4 + -28)?
22
What is the value of -37 + 189 - (13 - 2 - -15)?
126
Calculate 47 + -38 + -11 + 22.
20
Evaluate 13 + 2 + 98 + -35 + -42.
36
What is 20 + (12 + 17 + -20 - -5)?
34
Evaluate (-150 + 146 - (-1 - -8)) + 17 - 103.
-97
What is the value of 31 + 5 - (622 - 650)?
64
-2367 + 2457 - (0 - 3)
93
Evaluate (-55 + 0 - 2) + (-32 + 34 + -50 - -61).
-44
Evaluate -25 - (-133 - -95 - -32 - (141 - 1)).
121
(2 - 0 - (7 - -2)) + -255 + 298 + -62
-26
Calculate -85 + 83 + -141 + 82.
-61
Evaluate (-6 - 14 - -13) + 3 - 89.
-93
Calculate -56 + (-14 - (-12 + 40 + -6)).
-92
What is the value of -2 + -23 + 78 + -39 - -79?
93
Calculate 31 + -14 + 16 + -19 - -18.
32
0 + 47 - (2595 - 2579)
31
Evaluate -60 + (-11 + 149 - 72).
6
Calculate (-4416 - -4304) + (77 - -1).
-34
What is 40 + 7 - (-680 + 592)?
135
Evaluate -3 + -3 + -19 + (3 - -5 - -7) + 32.
22
-55 + -8 + (4 - 4) - (-76 - -64)
-51
Calculate -1 + 2 + (59 - 69) + 20.
11
What is (-23 - -16) + (28 - (-155 - -53))?
123
-21 + 138 + 299 + -435
-19
Calculate -29 - ((-2 - 19) + 29).
-37
Calculate -55 + 66 - ((0 - -9) + -7 + 42).
-33
What is -8 + 54 + (-531 - -436)?
-49
Evaluate (-8 - 49) + 25 - -51.
19
Calculate 2 + (14 - ((147 - 160) + (-2 - 0 - -42))).
-11
-2 + 10 + (-3 - 0) - (-32 + (-33 - -28))
42
What is (-175 - -223) + (-61 - -1)?
-12
42 + -42 - -21 - 42
-21
-10 + 20 + (-14 - 19) + (2 - -10)
-11
Calculate 2 + -77 + (380 - 385 - (-1 + -9)).
-70
What is -123 + (171 - 118) + 177?
107
What is 136 - (117 + 1 - -3)?
15
What is 10 - 14 - ((1 - 5 - 27) + 6)?
21
Evaluate (-2 - 14 - (-225 - -205)) + -37.
-33
Calculate 23679 - 23672 - (0 + -50).
57
Calculate (13 - (-20 - -41) - 3) + 21.
10
-4 + 18 + (161 - 175) - 27
-27
Evaluate 12 + -16 + 3 + 12.
11
What is -66 + -73 + 240 + -91?
10
What is the value of (-148 + 150 - 115) + (2 + 15 - -2)?
-94
What is 55 - ((-24 - -24) + 10 + (-3 - (3 - -6)))?
57
-785 - -725 - (-100 + -17)
57
What is the value of 1 - -25 - (-5 + 14 + -8 + 11 + -15)?
29
(61 + 33 - 85) + -114
-105
(3 - (0 + 0)) + -13 + -21 + (97 - 16)
50
Evaluate -28 + 14 + -18 + -26.
-58
Calculate 0 + 5 + (-2 - -5) - (-2148 - -2195).
-39
Evaluate -124 + 43 + 107 + -68.
-42
17 + (-69 + 90 - (0 + -21))
59
(-17 - (5 + -8) - 3) + (-210 - -252)
25
What is the value of 1 + -23 + -46 + 17 + (20 - 45)?
-76
What is the value of 89 + -3 + -43 + 60 + -35 + 7?
75
What is (34 - 63 - 19) + 27?
-21
Calculate -37 - (-2 - (-7 + 11) - (3 + 6 - 29)).
-51
What is the value of 113 - 89 - (48 - (10 - -3))?
-11
What is -136 + (277 - 145) - 19?
-23
What is -173 + 72 + -105 + 107?
-99
Evaluate -25 + (13 + -14 - (17 - 7)) + 23.
-13
What is -23 - (-80 + 6) - 71?
-20
What is (-6 + 15 - (-43 + 12)) + (-5 - 2)?
33
What is 1 - -4 - (-25 + 68 - 54)?
16
What is 26 - (18 + -4 + 4 + 14 + -11 + -13)?
18
What is (4 - 5) + 11 - (374 + -356)?
-8
Calculate 40 + -50 + 57 - 26.
21
Calculate -1 + 105 - (9 + -46 + 22).
119
Calculate (41 - -16) + -26 + -3 + 10.
38
-61 + (-26 - (38 - 50)) + 37
-38
Evaluate 0 + 15 + -532 + 514 - (-4 - (-33 + -2)).
-34
What is the value of (-6525 - -6552) + (-2 - -4) + 1?
30
Evaluate 83 + -85 + (-2 - 1) + 12 - (1 - -3).
3
Evaluate 55 + -35 + 17 - -41.
78
Calculate (2 + -3 - 0) + -39 + 16 + -48 + 78.
6
Calculate (-109 - 44 - -155) + (-3 - -2) + 0.
1
46 - (-20 + (11 - -26))
29
What is -4 - (-12 - (2 + 3)) - ((-19 - -11) + 46)?
-25
0 + 7 + (51 - (76 - 63)) - -7
52
What is -235 + -129 + 339 - (79 + -1)?
-103
What is 29 + 20 + (5 + -21 - (5 - 1))?
29
Evaluate -1 + 2 - (-90 + (11 - (8 + 5 + -8))).
85
What is 114 + -126 + (-29 - -82)?
41
6141 + -6173 - (-40 - 1) - (22 + 0)
-13
What is (-47 - -62) + 4 - 49?
-30
Evaluate (-66 + 297 - 97) + -100.
34
-24 + -6 + 24 + -12 + -31
-49
0 + 10 + (-24 - 17 - -38) - -11
18
What is 0 + 29 + (-6 - (-25 + 17 - (1 - 0)))?
32
-12 - 33 - (-86 - -108)
-67
What is the value of 2 - (-17 + 26 + 6 + 16)?
-29
What is the value of (7 - (12 + -2)) + (-2 - 34) + -9?
-48
Calculate 72 + (-91 - -54) - 65.
-30
Calculate 0 + -28 - (203 + -226 + (24 - 4 - 0)).
-25
Calculate -201 - (-2 + -127) - (0 - 35).
-37
Calculate (174 - 172) + (-12 - 0) + 81.
71
(2 - (-33 + -11)) + -6
40
-19 + (28 - 7) + 3 + 3 + 1 + -16
-7
Evaluate -2 - (6 + -5 + -86 - (-29 - (-23 - 17))).
94
Evaluate (4 - 41) + 30 - (2 + -5 + -5).
1
Calculate -23 + -21 + 30 + (0 - -35).
21
Evaluate (-14 - ((24 - 41) + 16 + -6)) + 1.
-6
What is the value of -39 + (-32 - -54) - -3?
-14
Calculate -53 + -20 + (-16 - -22 - -12).
-55
(-38 + 6 - -26) + -4 + -48
-58
Evaluate 85 + (49 - 98) + -60.
-24
What is the value of -117 + (57 - 21) - 27?
-108
What is -69 + (-42 + 3 - -33) - 2?
-77
Calculate 13 - (-19 - -16 - 4 - -4).
16
What is (-4 - ((-23 - (-22 - -15)) + 22)) + (-17 - 1)?
-28
Calculate (-21 - (4 - 14)) + 15 - -16.
20
Calculate 22 - ((133 - 231) + (-1 - (-1 - 0))).
120
Evaluate 61 + (-75 - (-166 - -62)).
90
What is 13 - (-20 + 1 + 20 - 12)?
24
What is 96 - (77 - -31) - (-84 - (-4 + 3))?
71
Calculate -6 - (13 + (-11 - -37) + -174).
129
What is (1 - 7) + -15 + (-25 - -11) + -19?
-54
What is ((-13 - 7) + -7 - -26) + (-86 + 2 - -2)?
-83
Calculate -678 + 525 - (-2 - 27) - (-1 + 5).
-128
Evaluate 38044 - 38035 - (4 + -3 + 1 + 87).
-80
-15 - 0 - (28 + -5 + 34 + (-24 - -62))
-110
Evaluate -6 + 0 + (687 - 714) + 35 + 4.
6
Calculate (0 - 5) + (24 - (-28 - -65)) - 96.
-114
What is the value of -15 + -18 + 64 - 69?
-38
What is the value of 78 + -2 - 3 - (-29 - -49)?
53
What is -40 - (-17 - 1 - (259 + -262))?
-25
Evaluate (19 - (13 - (8 - (-5 - -19 - 11)))) + -39.
-28
What is the value of 38 - 8 - (94 - 48)?
-16
Evaluate 8 + (-8 - -37) + (0 - 12 - -12) + 4.
41
What is (61 - (-4 + -14 + -21)) + -9?
91
What is the value of 1 - 2 - (61 - 0) - (-29294 - -29294)?
-62
What is the value of -15 - (-6 - (-7 + (30 - 6))) - (0 + -57)?
65
Calculate 5 - (-11 + (42 + -10 - (-4 - -3))).
-17
(0 - -4 - -20) + 35 + -43 - -7
23
Calculate (52 - 3) + 6 + (8 - 0).
63
What is the value of -7 + 12 + 146 - (71 + -50)?
130
(5 + -5 - 4) + 18 + -11
3
Evaluate 43 + -4 - (43 - -17).
-21
57 + -55 + (70 - -23)
95
Evaluate (0 - 3) + (-1 + 9 - 25 - (-6 - 10)).
-4
Evaluate -370 + 364 - ((-10 - -3) + -2) - (37 + 0).
-34
What is the value of (-8 - 4) + -3 + -1351 + 1380?
14
What is (5 + -20 - (-6 + 3)) + (108 - (-24 + 16))?
104
What is the value of (-2 - 5) + 18 - 5 - (7 + 16 + 9)?
-26
Evaluate (6 - (12 + -4)) + (15 - 28) + -3.
-18
25 + 0 - (-28 - (-205 + 158))
6
Calculate (16 - 1) + (2 + 25 - (22 + 19 + -23)).
24
Calculate 10 - (36 + (-17 + 2 + 12 - -15)).
-38
Evaluate -94 + 50 + 16 + -18.
-46
Evaluate 31 + -36 - (-44 + 7).
32
What is -11 + -87 + (-12 + 20 - 13) + 15?
-88
Evaluate (14 + -60 - 14) + (34 - -1).
-25
(14 - (-20 + 16) - 31) + 12 + -2
-3
Calculate -14 - (-4 - (7 - (-10 + (-9 - 31)))).
4